8*w**x + 62*w**2. What is y(d)?
-3
Let p(j) = -2*j**3 + 7*j**2 + 6*j - 3. Let w be p(4). Let k(a) = 8*a + 7*a + 5*a + 5*a - 24*a - 9. Calculate k(w).
-4
Let w(m) = -4*m**3 + 25*m**2 + 32*m - 49. Let a(n) = n**3 - 6*n**2 - 8*n + 12. Let j(d) = 9*a(d) + 2*w(d). Suppose 8796 + 8689 = 3497*u. What is j(u)?
-5
Let j(s) = 6 - 11*s + 5*s - 5 + 5*s - 10. What is j(6)?
-15
Suppose -3*p = -p - 4. Let j(i) = 2*i**2 - 11*i - 4. Let y be j(6). Let k(x) = x**3 - 9*x**2 + 0*x**2 + 6*x**2 - y. What is k(p)?
-6
Let h(o) = -o**3 + 7*o**2 + 78*o + 4. Let s be h(13). Let l(p) = -4*p**2 + 14*p + 6. Calculate l(s).
-2
Let q(b) be the third derivative of b**6/120 + 17*b**5/60 + b**4/2 + 10*b**3/3 + 69*b**2 + 68. Calculate q(-16).
84
Let x = -1/7991 + 7994/23973. Let v(a) be the second derivative of 0 + x*a**3 - 26*a + 1/2*a**2. What is v(4)?
9
Let x(p) = 87*p**2 + 15*p - 14. Let o(w) = 87*w**2 + 13*w - 12. Let s(d) = -7*o(d) + 6*x(d). Determine s(1).
-88
Let m(r) = r**3 - 8*r**2 - 2*r - 2. Let f(l) = -l**3 + 3*l**2 + 7*l - 10. Let h be f(4). Let u(q) = 2 - 2*q**h + 3 + 0 - 9*q - 1. Let t be u(-4). What is m(t)?
-18
Let t(n) = n - 5. Let p = -10276 + 10274. Give t(p).
-7
Let c(b) = -b**2 - 12*b + 110. Let j(i) = 2*i**2 + 13*i - 162. Let f(s) = -3*c(s) - 2*j(s). Let m = -8 + 14. Determine f(m).
18
Let b(x) be the first derivative of -x**3 + 42*x - 22. Let d(k) be the first derivative of b(k). Give d(4).
-24
Let s(n) be the second derivative of 14*n + 1/3*n**3 + 2 + 9/2*n**2. What is s(0)?
9
Let t be (4 + 4)*(25/2 - -2). Let c(o) = 39*o + 11 + 37*o + 41*o - t*o. Calculate c(11).
22
Let x(w) = -w + 5. Suppose -3*f + 5*k + 30 - 29 = 0, -4*f - 2*k - 42 = 0. What is x(f)?
13
Let t be ((-20)/(-7))/((-10)/70). Let s be ((t + -4)/(-4))/(3 - 1). Let u(k) = -k**3 - 2*k**2 + 2*k + 4. Give u(s).
-35
Let h(v) = -v**3 + 7*v**2 + v - 2. Let s be 46*-1*6/(-4). Let c = -106 + s. Let x = 44 + c. Determine h(x).
5
Suppose 7*f + 8 = -13. Suppose 52 - 1 = 2*y + 3*h, 3*h = -y + 30. Let d(j) = -17*j - 6 - y*j + 34*j - 1. Give d(f).
5
Let a(j) = j**2 + 10*j - 1. Let b be (6 + -5 - 4)*4/6. Let s(f) = -3*f**2 - 32*f + 4. Let v(d) = b*s(d) - 7*a(d). Determine v(-5).
4
Let k be (-6 - 2/(-2))/(-1 - 0). Suppose 4*c + 5*z - 12 = 6, k*c - 14 = -2*z. Let i(p) = p**3 - 2*p**2 + 2*p - 2. What is i(c)?
2
Suppose -3*u - 2*s + 10 = 0, 3*s - 24 = u - 9. Let t(h) = 53*h - 210. Let n be t(4). Let z(y) = u*y**n + 28 - y - y**2 - 24. What is z(3)?
-8
Let n(b) = -b**2 - 5*b + 21. Let j be n(-8). Let g be 2*1 - (-1 - j). Suppose 4*r + 0*r - 3*c = 0, -r + c - 1 = g. Let v(w) = 2*w**2 - 4*w + 3. What is v(r)?
9
Let u(b) = -b**2 + 9*b - 7. Let i = 616 + -407. Let v = -199 + i. What is u(v)?
-17
Let q(v) = -v**3 + 8*v**2 + 12*v + 4. Suppose -447 + 7 = 8*b. Let u be 10/b - ((-2020)/(-55))/(-4). Calculate q(u).
31
Let p(j) = j**3 + 8*j**2 + 7*j + 5. Let u be p(-7). Let v(m) be the third derivative of 0*m - 1/60*m**5 + 5/6*m**3 + 1/8*m**4 + 0 + 60*m**2. Determine v(u).
-5
Let r = -197 + 365. Let g(x) = 3 - r*x**2 + 8*x - 9 + 167*x**2. Determine g(6).
6
Let f be (-122)/(-32) - ((-175)/80 + 2). Let u(b) = -b**3 + 13*b**2 - 29*b - 6. What is u(f)?
22
Let h(m) = -2*m - 9. Suppose 18 = -4*p + 30*y - 27*y, -2*p - 30 = -5*y. Determine h(p).
-9
Let b(p) = -p**3 - 7*p**2 + 9*p - 5. Suppose -37*v = 97*v + 1072. Give b(v).
-13
Let y(b) = 9*b**3 - b**2 - b - 9. Let q(v) = -4*v**3 - v**2 + v + 1. Let k(u) = -2*q(u) - y(u). Calculate k(3).
4
Let h(p) = -p**3 - 16*p**2 - 39*p + 1. Suppose 0 = c - 2*q + 3, -41 = -5*c + 5*q - 81. Calculate h(c).
1
Let w = 553 + -548. Suppose 5*x = 4*z - 159 + 120, -z + w*x + 21 = 0. Let t(c) = 2*c - 5. What is t(z)?
7
Let i(c) = 4*c - 14. Let o(v) = -3*v + 22 + 0*v + 5*v - 9*v. Let k(u) = -8*i(u) - 5*o(u). What is k(-5)?
-13
Let m = 21823/6 + -3637. Let r(z) be the second derivative of m*z**3 + 1/4*z**4 + 0 + 1/2*z**2 + 10*z. Determine r(-2).
11
Let w(s) = -2*s**3 + 104*s**2 - s + 50. Suppose 181 = -31*d + 35*d - 9*j, -3*j = -9. Determine w(d).
-2
Let r(j) = -76*j - 2500. Let f be r(-33). Let w(m) = -m**2 + 18*m - 89. Determine w(f).
-9
Let x(y) be the second derivative of y**4/12 + 5*y**3/6 + 3*y**2 - 40*y. Let m be (-9)/(-3 - (-6)/3). Suppose m*c + 32 = c. Calculate x(c).
2
Let y(d) be the third derivative of -7*d**4/12 + 6*d**3 - 1945*d**2. Give y(3).
-6
Let v = 13 - 9. Let m(n) be the third derivative of n**6/120 - 7*n**5/60 + 5*n**4/24 - n**3/2 - 3*n**2 - 1536*n. Determine m(v).
-31
Suppose 2*d - 94 = -4*y, -3*y - 4*d + 68 = -5*d. Let a(z) = -y*z - 3 - 27*z + 49*z. What is a(-9)?
6
Let t(f) = 65*f**3 + 3 + f**2 - 33*f**3 - 33*f**3 + f. Let k(h) = h**2 + 7*h - 8. Let j be k(-8). Determine t(j).
3
Let z(d) = -3*d**3 + 2*d + 1. Suppose -65 + 71 = -6*h. Let s be 0 + 2 + (-2 + 6)*h. Give z(s).
21
Let q(r) = 58*r - 220. Let m be q(4). Suppose -7*o - m*o = -133. Let x(w) = 7*w**2 - w - 3. Let k(c) = -8*c**2 + 3. Let z(h) = 6*k(h) + 7*x(h). Determine z(o).
-3
Let p(y) = 88*y + 3*y**2 + 2*y**3 - 42*y - y**3 + 1 - 50*y. Suppose -10*i + 5*l + 13 = -7*i, -3*i - 4*l = 32. Calculate p(i).
1
Suppose 31 - 1 = 5*q. Let p(x) = 2*x**2 - 9*x - 15. Let h be p(q). Let m(z) = -4*z + z - h*z + z - 3. Determine m(3).
-18
Let i be (-72)/(-10) - (-4)/(-20) - 4. Let o(k) = -14 + 9*k - 2*k - 16*k**2 + 7*k**2 + k**i + 17. Determine o(8).
-5
Let u(o) = -o - 14. Let t = -274 + 324. Suppose -a + 2*y - 20 = 0, -4*y + t = -4*a + a. Calculate u(a).
-4
Let k(h) = -h**3 + 2*h**2 + 2*h - 31. Suppose -58*g = 22*g + 4*g - 2*g. Calculate k(g).
-31
Let o(c) = -146*c + 9. Let k(h) = -244*h + 16. Let b(i) = -7*k(i) + 12*o(i). Give b(1).
-48
Let s(z) = -40*z + 5*z + 6*z - 3*z**2 - 1 - 4*z. What is s(-11)?
-1
Suppose -3*u - 2 + 5 = 0. Let p(n) = -14*n - 21. Let w(d) = -5*d - 7. Let r(v) = -4*p(v) + 11*w(v). Let a(o) = -o. Let c(j) = u*r(j) + 2*a(j). Give c(-7).
14
Let b(d) = 2*d - 12. Suppose 0 = w + 13 - 18. Suppose -w*j - v = -3 - 39, -3*j + 26 = v. Let f be b(j). Let n(z) = 3*z - 6. Calculate n(f).
6
Let y(o) = -10*o + 540. Let r be y(0). Let h = 540 - r. Let s(x) = x**3 - x + 20. Determine s(h).
20
Let c(j) = 4*j**2 + 2*j + 2 + 4 + 3*j**3 - 6. Let v(s) = -s**3 - 2*s**2 - s. Let w(h) = c(h) + 4*v(h). What is w(-2)?
-4
Let v(l) = -7*l**3 - 68*l**2 - 37*l + 135. Let x(w) = 4*w**3 + 34*w**2 + 16*w - 68. Let d(c) = 3*v(c) + 5*x(c). Calculate d(-33).
-1
Let b = 202 - 189. Suppose -24*f + 11*f = b. Let i(n) = 6*n - 2. What is i(f)?
-8
Let u(k) = -5*k - k**2 + k**2 - 11 - 3*k**2 + 4*k**2. Let a be (-21 + 14)/(-7) + (-6)/(-1). Determine u(a).
3
Let a be 12/78 + 1/(65/1680). Let p(w) = -w**3 + 25*w**2 + 25*w + 27. What is p(a)?
1
Let w be -2 + ((-1445)/34)/(-17). Let m(o) be the first derivative of -1/3*o**3 - o - 27 + w*o**2. Give m(-2).
-7
Let s be 0 + 3 + -7 + (-2 - -7). Let k(i) = -7*i**2 - 7*i + 8. Let r be k(s). Let a(f) = f**2 + 6*f - 5. Calculate a(r).
-5
Let j(g) = -4*g + 0*g - 4 + 3. Suppose 439 + 25 = -463*r - 104*r - 670. Give j(r).
7
Let r be -4*3 - (86 + -117). Let m(c) = -c**2 + 11*c + 159. Give m(r).
7
Let l(w) = 11*w - 5. Let d(s) = 18*s**2 - 199*s + 15. Let t be d(11). Calculate l(t).
39
Let g(o) = -o**2 + o + 27. Let j(b) = -3*b**2 + 9*b - 262. Let r(x) = 4*g(x) - j(x). Give r(-22).
-4
Let u(q) = -115*q**3 + 3*q**2 + 4 - 53*q**3 + 167*q**3 + 0 + 7*q + 2 - 4*q. Suppose -15 = -2*h - 4*l + 1, -3*l = 4*h - 22. Give u(h).
2
Let j(r) = -15*r + 2556 - 2523 - 27*r**2 - 8*r. Let x(p) = -10*p**2 - 8*p + 11. Let k(n) = 3*j(n) - 8*x(n). What is k(-9)?
-25
Let h be 1*-2 + (-42)/(-7). Let q(p) = 4*p**2 - h + 311*p + 309*p - 617*p - 1 + p**3. Give q(-4).
-17
Suppose -4*j = 2*l - 30, 0*j + 25 = 5*j. Let o be (-1 + (-24)/(-9))*(-15)/l. Let x(p) = p**2 + 5*p - 7. Give x(o).
-7
Suppose 2*n - 2 = -2*a, -9*a - 86 + 101 = 3*n. Let q(i) be the first derivative of 3/2*i**a - 2*i - 1/3*i**3 - 29. Calculate q(4).
-6
Let t(s) = -s**3 + s**2 + s + 7. Let u be ((-108)/8)/(-3)*(-4)/3. Let a(l) = -13*l - 78. Let h be a(u). Calculate t(h).
7
Let r be ((-380)/(-24))/5 - (-2)/(-12). Let w(q) = -q - 5*q**2 - q**3 + 13*q**2 - r*q**2 - 7*q**2 + 3. Determine w(-3).
15
Suppose -55 = -5*n - 5*o, 3*o - 25 = 4*n - 6*n. Suppose 3*z + 195 = n*z. Let g = -44 + z. Let y(b) = b**2 + 3*b - 1. Give y(g).
9
Let p(d) = d + 4. Let y(m) = -23*m - 22*m - 6 - m**2 + 61*m - 25*m. 